98?
7
Calculate the greatest common factor of 329 and 1624.
7
Calculate the greatest common divisor of 22720 and 17395.
355
Calculate the greatest common factor of 88983 and 9.
9
What is the greatest common divisor of 165 and 146784?
33
Calculate the highest common divisor of 88258 and 2.
2
Calculate the highest common factor of 219185 and 1475.
295
What is the greatest common factor of 535829 and 161?
7
Calculate the highest common factor of 35 and 228235.
35
What is the highest common divisor of 140634 and 4992?
78
Calculate the highest common divisor of 103 and 210944.
103
Calculate the highest common factor of 3 and 432237.
3
What is the highest common divisor of 2058 and 4470?
6
Calculate the greatest common divisor of 19076 and 76.
76
What is the highest common factor of 22320 and 604035?
1395
Calculate the highest common factor of 1060 and 235.
5
Calculate the greatest common factor of 184 and 3272.
8
What is the greatest common divisor of 11525536 and 44?
44
What is the highest common factor of 24 and 20100?
12
Calculate the highest common factor of 410274 and 69.
69
Calculate the greatest common factor of 374 and 15092.
22
What is the greatest common divisor of 22912 and 1253?
179
What is the highest common divisor of 35320 and 32?
8
What is the greatest common divisor of 3258980 and 3760?
940
Calculate the highest common divisor of 205 and 2747.
41
Calculate the highest common factor of 760 and 17195.
95
Calculate the greatest common divisor of 93159 and 396.
99
What is the greatest common divisor of 2681868 and 36?
12
Calculate the greatest common factor of 1120 and 848.
16
Calculate the highest common factor of 486 and 157644.
18
Calculate the greatest common factor of 467078 and 9816.
818
What is the greatest common factor of 1248 and 87072?
96
What is the highest common factor of 367281 and 61?
61
What is the highest common divisor of 2394 and 29646?
18
Calculate the greatest common factor of 12395 and 6771.
37
Calculate the greatest common divisor of 133484 and 1208.
604
What is the greatest common factor of 144 and 4491?
9
Calculate the greatest common factor of 1457 and 14946.
47
Calculate the highest common factor of 4096 and 352.
32
Calculate the greatest common factor of 3580 and 620.
20
Calculate the highest common divisor of 64 and 3330464.
32
What is the greatest common factor of 10725 and 9?
3
What is the highest common factor of 3636 and 2626?
202
Calculate the highest common divisor of 196530 and 30.
30
Calculate the greatest common factor of 27930 and 5130.
570
Calculate the highest common divisor of 231537 and 339.
339
What is the highest common divisor of 366 and 1302472?
122
What is the highest common divisor of 52 and 762?
2
Calculate the highest common factor of 380002 and 84.
14
Calculate the highest common divisor of 33 and 709599.
33
What is the highest common factor of 66284 and 16936?
292
Calculate the greatest common divisor of 1169483 and 203.
203
Calculate the highest common factor of 305344 and 3120.
208
What is the greatest common factor of 6095 and 1855?
265
What is the highest common factor of 116424 and 63?
63
What is the greatest common factor of 1224 and 14229?
153
What is the greatest common factor of 689350 and 340?
170
Calculate the highest common divisor of 228651 and 1791.
597
What is the greatest common factor of 2860 and 517?
11
Calculate the highest common factor of 25140 and 576.
12
What is the greatest common divisor of 14 and 18318?
2
What is the highest common factor of 888228 and 48?
12
Calculate the highest common factor of 156 and 90623.
13
What is the highest common divisor of 1455998 and 2228?
1114
Calculate the greatest common divisor of 219 and 5983956.
219
What is the highest common factor of 2315 and 9220?
5
What is the greatest common divisor of 52 and 2075?
1
What is the greatest common factor of 1037 and 289?
17
Calculate the greatest common factor of 421875 and 2125.
125
What is the highest common divisor of 15 and 4295?
5
What is the greatest common factor of 490 and 18200?
70
Calculate the greatest common factor of 56 and 1219582.
14
What is the highest common factor of 1026 and 498750?
114
What is the greatest common divisor of 1595 and 516461?
319
What is the greatest common factor of 110 and 26100?
10
Calculate the greatest common factor of 78 and 37869.
39
What is the greatest common divisor of 56 and 1827?
7
Calculate the highest common factor of 2088673 and 281.
281
What is the highest common factor of 38308 and 488?
244
Calculate the greatest common factor of 99495 and 1965.
15
What is the highest common factor of 106 and 31?
1
What is the greatest common divisor of 36868 and 442?
26
Calculate the greatest common divisor of 1560 and 424.
8
What is the highest common factor of 18977 and 45?
1
Calculate the greatest common factor of 154 and 14560.
14
Calculate the greatest common factor of 231 and 252483.
231
What is the greatest common divisor of 154968 and 792?
264
What is the greatest common divisor of 318 and 107007?
159
What is the highest common factor of 11 and 3381191?
11
Calculate the highest common divisor of 16 and 60796.
4
Calculate the highest common factor of 468 and 24102.
234
Calculate the greatest common divisor of 19173 and 728.
7
What is the greatest common divisor of 8160 and 32810?
170
Calculate the greatest common divisor of 270510 and 20.
10
What is the greatest common factor of 39 and 24128?
13
What is the greatest common factor of 34575 and 375?
75
What is the greatest common factor of 982993 and 55?
11
What is the highest common divisor of 182 and 1704339?
91
Calculate the highest common divisor of 157662 and 54.
18
Calculate the highest common divisor of 87 and 865505.
29
What is the greatest common factor of 50 and 14990?
10
Calculate the highest common divisor of 66061 and 403.
31
Calculate the highest common divisor of 228976 and 55.
11
What is the highest common divisor of 461624 and 16?
8
Calculate the greatest common factor of 8 and 54674.
2
What is the highest common factor of 795569 and 47?
47
What is the highest common factor of 216645 and 2860?
715
Calculate the greatest common factor of 20308 and 100.
4
What is the highest common divisor of 206 and 1614628?
206
Calculate the highest common divisor of 302160 and 720.
240
What is the highest common factor of 297 and 14234?
11
Calculate the highest common factor of 537 and 57459.
537
What is the highest common divisor of 8 and 9668?
4
What is the greatest common divisor of 61788 and 1044?
12
What is the highest common factor of 164511 and 677?
677
What is the greatest common factor of 1312757 and 4216?
527
Calculate the greatest common divisor of 6893 and 19093.
61
What is the greatest common divisor of 12596 and 107468?
268
What is the highest common factor of 5243 and 210469?
749
What is the greatest common divisor of 321481 and 533?
41
What is the greatest common factor of 1456 and 3976?
56
What is the highest common factor of 85215 and 2093?
299
Calculate the highest common factor of 9855 and 315.
45
Calculate the highest common factor of 27693 and 36.
9
Calculate the highest common divisor of 3813 and 10881.
93
What is the highest common divisor of 4079280 and 552?
552
Calculate the highest common factor of 45 and 300285.
45
What is the greatest common factor of 70 and 14285?
5
What is the highest common factor of 30 and 500470?
10
What is the greatest common factor of 7956 and 42627?
39
Calculate the greatest common factor of 204 and 5305428.
204
What is the greatest common divisor of 1047584 and 224?
32
What is the highest common factor of 171540 and 360?
180
What is the highest common factor of 80 and 7565?
5
Calculate the highest common divisor of 1776 and 173456.
592
What is the highest common factor of 418 and 594?
22
Calculate the highest common divisor of 100 and 18925.
25
What is the greatest common factor of 1001572 and 132?
44
Calculate the greatest common divisor of 400475 and 1544.
193
What is the highest common factor of 19008 and 6?
6
What is the highest common factor of 63 and 23569?
7
Calculate the greatest common factor of 2810115 and 77.
77
Calculate the greatest common divisor of 4 and 62026.
2
Calculate the highest common divisor of 2318 and 29526.
38